is the tens digit of (-1)/((2/(-6))/(i/12))?
5
Let x be (-1)/(0 - 4/68). Let p(l) = -l**2 + 16*l + 19. Let r be p(x). Suppose 777 = 9*j - r*j. What is the hundreds digit of j?
1
What is the thousands digit of ((-504)/(-140)*-21355)/(0 + 6/(-4))?
1
Suppose -2*m = -4*n - 3*m + 113, -4*n + 4*m + 88 = 0. Suppose 24*k = n*k - 498. What is the units digit of k?
6
Let m(p) = -2*p**3 - 5*p**2 - 3*p - 1. Let y be m(-3). Let x = y + -17. Suppose 4*d = -x*d - i + 182, 0 = -4*d + 2*i + 188. What is the tens digit of d?
4
Let y = 64 - -2761. Suppose m = 6*m - y. What is the units digit of m?
5
Let o(f) = f**3 + 2*f**2 - 5*f + 4. Let z be o(2). Suppose w - 6*w = -z. What is the units digit of (2/8)/(w/8)?
1
Let d(c) = -c**3 + 12*c**2 + 7*c - 22. Let a be d(12). Let z = a + 43. What is the units digit of ((-42)/z)/((-2)/10)?
2
Suppose 28390 = 5*c + 5*g, -5*g - 1692 + 13033 = 2*c. What is the hundreds digit of c?
6
Suppose -6*m + 38484 = -15618. What is the units digit of m?
7
Let s = 17031 - 1554. What is the tens digit of s?
7
Let c(g) = -g**2 + 6*g - 7. Let i be c(4). Let f(v) = 53*v**3 + i + 11*v + 3*v - 16*v + v**2. What is the tens digit of f(1)?
5
Let k(p) be the second derivative of p**5/20 - 5*p**4/12 + 25*p**3/6 - 7*p**2/2 - 12*p - 1. What is the hundreds digit of k(7)?
2
Let b = 54802 - 34170. What is the ten thousands digit of b?
2
Suppose -h = -79 + 76. Suppose 3*c + 2*u = -h + 16, 5*u + 15 = 2*c. What is the units digit of c?
5
Suppose 3*z - 7*z - 96 = 0. Let p = 13 - -89. Let o = z + p. What is the units digit of o?
8
Let g(f) = f**2 - 14*f - 20. Let j be g(15). What is the tens digit of 498 + 3 + j + 4?
0
Suppose 0 = 112*p - 113*p - 4*x + 25624, -4*p + 102481 = x. What is the hundreds digit of p?
6
Let r(o) = 56*o**3 + o**2 + 2*o + 1. Let s be r(-1). Let l be 2622/(-90) + 2 + s/30. What is the tens digit of -1 + (-1 - (l + 3))?
2
Let f(c) = 9*c**2 + 15*c + 6. Let x(w) = -4*w**2 - 8*w - 3. Let r(j) = -6*f(j) - 13*x(j). Let o be r(7). What is the tens digit of 285/(o + 2) - 3?
5
Let y(r) be the first derivative of r**3 - r**2 + 8*r - 48. What is the tens digit of y(-8)?
1
What is the hundreds digit of ((-8)/(-12)*3)/((-37)/(-3848))?
2
Let n = -5217 - -8183. Suppose -9*o = -n - 508. What is the tens digit of o?
8
Let l be (1 - 0)/(6/(-1) + 5). What is the tens digit of (-4480)/(-60)*(l - 194/(-14))?
6
Let z(c) = 5*c + 40. Let h be z(7). Let g = -65 + h. Suppose 7*d = g*d - 219. What is the tens digit of d?
7
Let x(a) = 31*a + 11. Suppose -4*o = -4*f + 92, f - 2*o - 70 = -2*f. Suppose f = -4*v + 10*v. What is the units digit of x(v)?
5
Suppose -4*d = -30*d + 272792. What is the tens digit of d?
9
Let b = 108 - 83. Suppose b*l - 4598 = 1152. What is the units digit of l?
0
Let g be 8/12 - 1/(-3). Let i be 1 + (3 - 2) + g. Suppose i*n - 140 - 205 = 0. What is the units digit of n?
5
Suppose -5*v + 12907 = 1852. What is the thousands digit of v?
2
Let z(r) = -r**3 + 8*r**2 + 5*r + 3. Let k be z(6). Let c(i) = -21*i - 2. Let l be c(5). Let n = k - l. What is the units digit of n?
2
Suppose 0 = s + 3*s + 3*y - 45858, -3*s = 4*y - 34390. What is the units digit of s?
6
What is the tens digit of (-6)/10 + (7 - (-828)/5)?
7
Suppose -5*q = -5*o - 0 + 10, -3*o + 6 = -2*q. Suppose -o*s + 834 = -s. What is the tens digit of s?
3
Suppose -33*w - 12330 = -23*w. Let h = -311 - w. What is the tens digit of h?
2
Let r(k) = -2*k - 44. Let t be r(-24). Suppose -6*z - 768 = -t*c - 5*z, 2*c - 386 = z. What is the units digit of c?
1
Suppose -2*a - 14*a + 80 = 0. What is the tens digit of -5 + (3 + -6)/(a/(-505))?
9
Let c(b) = -85*b - 100. Let q(t) = -t. Let y(v) = -c(v) + 20*q(v). What is the hundreds digit of y(14)?
0
Suppose -47*h + 142999 = -18*h. Let y = h - 2925. What is the tens digit of y?
0
Let i(o) = 449*o + 10216. What is the tens digit of i(-13)?
7
Let d be (-4)/14 + 666/126. Suppose 0 = d*t, 12 = -z + 2*t - 2. Let w(n) = -20*n - 57. What is the hundreds digit of w(z)?
2
Suppose 2*n - 5*t + 1 = -24, -5*n + t - 120 = 0. Let p be 11 + 495/(-44) - 493/(-4). Let s = n + p. What is the tens digit of s?
9
Let k(l) = l**2 + 3*l - 105. Let n be k(9). What is the units digit of n*2/24 - (-1283)/4?
1
Let p(j) = 16*j + 66. Suppose 3*z - 8*z = -120. What is the hundreds digit of p(z)?
4
Let c(o) = -o**3 + 73*o**2 + 42*o + 246. What is the units digit of c(72)?
4
Suppose 5*w = 5*m + 15 + 5, 10 = w + 5*m. Suppose p - 2*u + w = 0, -5*u + 4 + 8 = -3*p. Let l(j) = 55*j - 1. What is the units digit of l(p)?
4
Let m(f) = -16*f**2 + 46*f + 206. Let c be m(36). What is the tens digit of 45/270 - c/12?
7
Let u = 21701 + -1534. What is the units digit of u?
7
Let u(c) = -67*c**3 + 7*c**2 - 8*c - 21. What is the thousands digit of u(-4)?
4
Let z be 1/(-3 + 2)*-251. Suppose -6*v + z = -1903. What is the hundreds digit of v?
3
Let j(f) = -11*f - 89. Let l be j(-14). Suppose 513*x = 512*x + l. What is the units digit of x?
5
Let b(n) = -n**2 - 3*n + 1. Let o(m) = 3*m. Let k(a) = -2*b(a) - 3*o(a). What is the units digit of k(-4)?
2
Let p(j) = 20*j + 144. Let t be p(-7). Let r be -2 - (-145 - (3 - 1)). Suppose t*s - r = -s. What is the units digit of s?
9
Let a(r) = -r**3 - 13*r**2 + 33*r - 16. Let d be a(-14). Let m = d - -463. What is the units digit of m?
1
Let m(p) be the second derivative of -23*p**6/720 + 11*p**5/60 + 7*p**4/4 - p. Let x(d) be the third derivative of m(d). What is the hundreds digit of x(-6)?
1
Let v(d) = -d**3 + d**2 + d + 3. Let i be v(0). Let h be (1 - 725)*(-6 + 3)/6. Suppose i*p + 14 - h = 0. What is the units digit of p?
6
Let s = 2990 + 20260. What is the thousands digit of s?
3
Suppose -4*w = 5*s - 58635, s - 58623 = -22*w + 18*w. What is the thousands digit of w?
4
Let j be -2*(126/(-12))/7. Let i(v) = -v + 1. Let n be i(-2). Suppose -j = -n*u - 0. What is the units digit of u?
1
Suppose 18*d - 5969 - 13579 = 0. Suppose -3*x - 31*k = -29*k - d, 0 = 4*x + k - 1443. What is the units digit of x?
0
Suppose -91*b + 571264 = -25461 - 445862. What is the hundreds digit of b?
4
Suppose -2*b + 5749 = -2*l + 773, -2*l = -4*b + 9956. What is the units digit of b?
0
Suppose -2994609 + 16602489 = 260*u. What is the units digit of u?
8
Suppose 11*o = 40262 + 18148. What is the tens digit of o?
1
Let j = 41 - 38. Suppose -j*i - 3*i + 6 = 0. What is the tens digit of i*(1 + -1) + -15 + 296?
8
Let b be (-36)/(-90) + 93/5. Let f(a) = -11*a - 2. Let r be f(5). What is the tens digit of b/r*186/(-1)?
6
Let b(z) be the first derivative of 3 + 0*z**3 - 3/2*z**2 + 3*z + 3/2*z**4. What is the units digit of b(1)?
6
Suppose -2*x = 14*x - 19920. Suppose -6*b + b + l + 2103 = 0, -3*b - 5*l = -x. What is the hundreds digit of b?
4
Let n = 34 + -28. Let s(b) = -b**3 + 23*b**2 - 17*b + 13. What is the tens digit of s(n)?
2
Suppose 3*z + 246703 = 5*i, -500*i + 4*z + 98698 = -498*i. What is the hundreds digit of i?
3
Suppose 2*i + 2*i - 1164 = 4*a, -875 = 3*a - 2*i. Let w be 7/(-6) + 157675/(-318). Let k = a - w. What is the tens digit of k?
0
Suppose 15*b + 3878 = 22*b. Let z = -212 + b. What is the tens digit of z?
4
Let j(q) = 55*q**3 + 6*q**2 - 26*q - 9. What is the tens digit of j(6)?
3
Suppose 3*j - 40382 = -4*n, 3*n - 43956 = -10*j - 13654. What is the tens digit of n?
9
Let f = -25321 + 25988. What is the tens digit of f?
6
Suppose -21*k + 279 = -57. Suppose p + 1059 = g - 0*p, -k = -4*p. What is the hundreds digit of g?
0
Let j(c) = 233*c**2 + 6*c - 5. Let r be j(1). Let o = -340 + r. Let b = o + 165. What is the tens digit of b?
5
Suppose u - 16*r = -13*r + 1201, u - 1202 = 2*r. Suppose -14*y - u + 10612 = 0. What is the units digit of y?
2
Let x(c) = -9*c - 19. Let l be x(-7). Let g be 53/11 - (-8)/l. What is the tens digit of ((-36)/10)/(-3*g/100)?
2
Suppose 3*d = 3*m - 2*m + 172, -5*m + 52 = d. Suppose 2*j + 0*j + 12 = q, -j = 3*q - d. What is the tens digit of 5/(((-15)/q)/(-5))?
3
Let s(z) = -14*z**2 - 31*z - 178. Let u(q) = -27*q**2 - 63*q - 356. Let m(n) = 5*s(n) - 3*u(n). What is the tens digit of m(-6)?
7
Let q(m) = 73*m - 836. What is the thousands digit of q(52)?
2
Let d(o) = 2143*o - 3715. What is the thousands digit of d(23)?
5
Let r(u) be the third derivative of u**5/20 - 55*u**4/24 - 5*u**3/3 - 29*u**2 + 2. What is the units digit of r(24)?
8
Let v(i) = 